{"id":2604,"date":"2026-05-08T09:40:40","date_gmt":"2026-05-08T09:40:40","guid":{"rendered":"https:\/\/huynhthanhxuan.com\/?post_type=product&#038;p=2604"},"modified":"2026-05-08T09:42:05","modified_gmt":"2026-05-08T09:42:05","slug":"bo-loc-nuoc-tho-3-coc-loc-20-inch","status":"publish","type":"product","link":"https:\/\/songxanhwater.com\/?product=bo-loc-nuoc-tho-3-coc-loc-20-inch","title":{"rendered":"B\u1ed9 l\u1ecdc n\u01b0\u1edbc th\u00f4 3 c\u1ed1c l\u1ecdc 20 inch"},"content":{"rendered":"<p><strong>B\u1ed9 l\u1ecdc n\u01b0\u1edbc th\u00f4 3 c\u1ed1c l\u1ecdc 20 inch<\/strong>\u00a0l\u00e0 m\u1ed9t b\u1ed9 l\u1ecdc d\u00f9ng trong x\u1eed l\u00fd n\u01b0\u1edbc l\u1ecdc \u0111\u1ea7u ngu\u1ed3n, n\u01b0\u1edbc sinh ho\u1ea1t v\u1edbi c\u00f4ng n\u0103ng l\u1ecdc v\u00e0 x\u1eed l\u00fd b\u01b0\u1edbc \u0111\u1ea7u, gi\u1ea3m t\u1ea3i kh\u1ed1i l\u01b0\u1ee3ng l\u1ecdc cho c\u00e1c m\u00e0ng l\u1ecdc s\u00e2u ph\u00eda sau.<\/p>\n<p>Hi\u1ec7n nay t\u00ecnh tr\u1ea1ng \u00f4 nhi\u1ec5m ngu\u1ed3n n\u01b0\u1edbc \u0111ang x\u1ea3y ra \u1edf r\u1ea5t nhi\u1ec1u n\u01a1i, c\u00f3 r\u1ea5t nhi\u1ec1u nguy\u00ean nh\u00e2n g\u00e2y ra t\u00ecnh tr\u1ea1ng \u00f4 nhi\u1ec5m. T\u00ecnh tr\u1ea1ng n\u00e0y ng\u00e0y m\u1ed9t tr\u1edf n\u00ean nghi\u00eam tr\u1ecdng h\u01a1n do s\u1ef1 ph\u00e1t tri\u1ec3n kh\u00f4ng ng\u1eebng c\u1ee7a c\u00f4ng nghi\u1ec7p h\u00f3a. Khi\u1ebfn nhi\u1ec1u ng\u01b0\u1eddi kh\u00f4ng c\u00f2n d\u00e1m s\u1eed d\u1ee5ng c\u00e1c ngu\u1ed3n n\u01b0\u1edbc \u0111\u1ec3 sinh ho\u1ea1t h\u1eb1ng ng\u00e0y. V\u00e0 \u0111\u00f3 c\u0169ng l\u00e0 l\u00fd do ch\u00ednh \u0111\u1ec3 con ng\u01b0\u1eddi ng\u00e0y quan t\u00e2m t\u1edbi h\u01a1n \u0111\u1ebfn ngu\u1ed3n n\u01b0\u1edbc s\u1ea1ch c\u0169ng nh\u01b0 s\u1ee9c kh\u1ecfe c\u1ee7a ch\u00ednh b\u1ea3n th\u00e2n v\u00e0 gia \u0111\u00ecnh m\u00ecnh. Nh\u1eefng s\u1ea3n ph\u1ea9m nh\u01b0\u00a0<strong>b\u1ed9 l\u1ecdc th\u00f4 \u0111\u1ea7u ngu\u1ed3n 3 c\u1ed1c 20 inch<\/strong>\u00a0ng\u00e0y c\u00e0ng \u0111\u01b0\u1ee3c s\u1eed d\u1ee5ng nhi\u1ec1u h\u01a1n.<\/p>\n<figure id=\"attachment_3929\" class=\"wp-caption aligncenter\" aria-describedby=\"caption-attachment-3929\">\n<figure id=\"attachment_2606\" aria-describedby=\"caption-attachment-2606\" style=\"width: 400px\" class=\"wp-caption aligncenter\"><img loading=\"lazy\" decoding=\"async\" class=\"wp-image-2606 size-medium\" src=\"https:\/\/huynhthanhxuan.com\/wp-content\/uploads\/2026\/05\/bo-loc-nuoc-tho-3-coc-loc-20-inch-1-400x400.jpg\" alt=\"\" width=\"400\" height=\"400\" srcset=\"https:\/\/songxanhwater.com\/wp-content\/uploads\/2026\/05\/bo-loc-nuoc-tho-3-coc-loc-20-inch-1-400x400.jpg 400w, https:\/\/songxanhwater.com\/wp-content\/uploads\/2026\/05\/bo-loc-nuoc-tho-3-coc-loc-20-inch-1-280x280.jpg 280w, https:\/\/songxanhwater.com\/wp-content\/uploads\/2026\/05\/bo-loc-nuoc-tho-3-coc-loc-20-inch-1-300x300.jpg 300w, https:\/\/songxanhwater.com\/wp-content\/uploads\/2026\/05\/bo-loc-nuoc-tho-3-coc-loc-20-inch-1-100x100.jpg 100w, https:\/\/songxanhwater.com\/wp-content\/uploads\/2026\/05\/bo-loc-nuoc-tho-3-coc-loc-20-inch-1.jpg 500w\" sizes=\"auto, (max-width: 400px) 100vw, 400px\" \/><figcaption id=\"caption-attachment-2606\" class=\"wp-caption-text\">B\u1ed9 l\u1ecdc n\u01b0\u1edbc th\u00f4 3 c\u1ed1c l\u1ecdc 20 inch l\u1ecdc n\u01b0\u1edbc \u0111\u1ea7u ngu\u1ed3n, n\u01b0\u1edbc sinh ho\u1ea1t Hi\u1ec7u qu\u1ea3<\/figcaption><\/figure><\/figure>\n<p><strong>B\u1ed9 3 c\u1ed1c l\u1ecdc n\u01b0\u1edbc 20 inch<\/strong>\u00a0\u0111\u01b0\u1ee3c s\u1ea3n xu\u1ea5t b\u1edfi c\u00e1c th\u01b0\u01a1ng hi\u1ec7u uy t\u00edn b\u1eadc nh\u1ea5t trong ng\u00e0nh x\u1eed l\u00fd n\u01b0\u1edbc. \u00a0\u0110\u00e2y \u0111\u1ec1u l\u00e0 c\u00e1c s\u1ea3n ph\u1ea9m ch\u1ea5t l\u01b0\u1ee3ng v\u1edbi thi\u1ebft k\u1ebf \u0111\u1ed9c \u0111\u00e1o v\u00e0 hi\u1ec7u su\u1ea5t l\u00e0m vi\u1ec7c t\u1ed1i \u01b0u.<\/p>\n<h2>Th\u00f4ng s\u1ed1 k\u1ef9 thu\u1eadt<\/h2>\n<ul>\n<li class=\"bullet-arrow\">Quy c\u00e1ch: 450 x 160 x 650 (mm)<\/li>\n<li class=\"bullet-arrow\">C\u00f4ng su\u1ea5t: 500 \u2013 800 L\u00edt\/gi\u1edd<\/li>\n<li class=\"bullet-arrow\">H\u1ec7 th\u1ed1ng l\u1ecdc: 3 c\u1ea5p l\u1ecdc<\/li>\n<li class=\"bullet-arrow\">M\u00e0u s\u1eafc: 1 trong, 2 xanh<\/li>\n<li class=\"bullet-arrow\">Nhi\u1ec7t \u0111\u1ed9: &lt; 50 \u0111\u1ed9 C<\/li>\n<li class=\"bullet-arrow\">\u00c1p su\u1ea5t: 0.4 ~ 0.8 Mpa<\/li>\n<li class=\"bullet-arrow\">Quy c\u00e1ch ly l\u1ecdc: 20 inch<\/li>\n<li class=\"bullet-arrow\">\u0110\u1ea7u n\u01b0\u1edbc In \/ Out: \u00d8 27<\/li>\n<\/ul>\n<h2>\u0110\u1eb7c \u0111i\u1ec3m c\u1ee7a b\u1ed9 l\u1ecdc n\u01b0\u1edbc th\u00f4 3 c\u1ed1c l\u1ecdc 20 inch<\/h2>\n<p>B\u1ed9 3 c\u1ed1c l\u1ecdc n\u01b0\u1edbc 20 inch \u0111\u01b0\u1ee3c nh\u1eadp kh\u1ea9u tr\u1ef1c ti\u1ebfp t\u1eeb \u0110\u00e0i Loan v\u1edbi \u0111\u1ea7y \u0111\u1ee7 ch\u1ee9ng nh\u1eadn v\u1ec1 ch\u1ea5t l\u01b0\u1ee3ng. B\u1ed9 l\u1ecdc \u0111\u00e3 c\u00f3 \u0111\u1ee7 ph\u1ee5 ki\u1ec7n, khi mua v\u1ec1 ch\u1ec9 c\u1ea7n \u0111\u1ea5u n\u1ed1i v\u1edbi h\u1ec7 th\u1ed1ng m\u00e0 kh\u00f4ng c\u1ea7n \u0111i\u1ec7n n\u0103ng ti\u00eau th\u1ee5.<\/p>\n<div id=\"yotuwp-69fdadf28cca6\" class=\"yotu-playlist yotuwp yotu-limit-min yotu-limit-max yotu-player-full yotu-thumb-169 yotu-template-grid\" data-page=\"1\" data-yotu=\"69fdadf2d27c6\" data-total=\"1\" data-settings=\"eyJ0eXBlIjoidmlkZW9zIiwiaWQiOiJrVXdNNGN4WWlTVSIsInBhZ2luYXRpb24iOiJvbiIsInBhZ2l0eXBlIjoibG9hZG1vcmUiLCJjb2x1bW4iOiIzIiwicGVyX3BhZ2UiOiIzMCIsInRlbXBsYXRlIjoiZ3JpZCIsInRpdGxlIjoib24iLCJkZXNjcmlwdGlvbiI6Im9mZiIsInRodW1icmF0aW8iOiIxNjkiLCJtZXRhIjp7InZpZXdfY291bnQiOiJvbiIsImxpa2VfY291bnQiOiJvbiIsImNvbW1lbnRfY291bnQiOiJvbiIsInB1Ymxpc2hlZF9hdCI6Im9uIn0sIm1ldGFfZGF0YSI6Im9mZiIsIm1ldGFfcG9zaXRpb24iOiJhZnRlcl9saW5rIiwiZGF0ZV9mb3JtYXQiOiJkXC9tXC9ZIiwibWV0YV9hbGlnbiI6IiIsInN1YnNjcmliZSI6Im9mZiIsImR1cmF0aW9uIjoib24iLCJtZXRhX2ljb24iOiJvZmYiLCJuZXh0dGV4dCI6IlNhdSIsInByZXZ0ZXh0IjoiVHJcdTAxYjBcdTFlZGJjIiwibG9hZG1vcmV0ZXh0IjoiWGVtIHRoXHUwMGVhbSIsInBsYXllciI6eyJtb2RlIjoibGFyZ2UiLCJ3aWR0aCI6IjAiLCJzY3JvbGxpbmciOiIwIiwiYXV0b3BsYXkiOjAsImNvbnRyb2xzIjoxLCJtb2Rlc3RicmFuZGluZyI6MCwibG9vcCI6MCwiYXV0b25leHQiOjEsInNob3dpbmZvIjowLCJyZWwiOjAsInBsYXlpbmciOjAsInBsYXlpbmdfZGVzY3JpcHRpb24iOjAsInRodW1ibmFpbHMiOjEsImNjX2xvYWRfcG9saWN5IjoiMSIsImNjX2xhbmdfcHJlZiI6IjEiLCJobCI6IiIsIml2X2xvYWRfcG9saWN5IjoiMSJ9LCJsYXN0X3RhYiI6InNldHRpbmdzIiwidXNlX2FzX21vZGFsIjoib2ZmIiwibW9kYWxfaWQiOiJvZmYiLCJsYXN0X3VwZGF0ZSI6IjE3MjIxNTMwODIiLCJzdHlsaW5nIjp7InBhZ2VyX2xheW91dCI6ImRlZmF1bHQiLCJidXR0b24iOiIzIiwiYnV0dG9uX2NvbG9yIjoiIiwiYnV0dG9uX2JnX2NvbG9yIjoiIiwiYnV0dG9uX2NvbG9yX2hvdmVyIjoiIiwiYnV0dG9uX2JnX2NvbG9yX2hvdmVyIjoiIiwidmlkZW9fc3R5bGUiOiJhYm5iIiwicGxheWljb25fY29sb3IiOiIiLCJob3Zlcl9pY29uIjoicGxheS0xIiwiZ2FsbGVyeV9iZyI6IiIsInRpdGxlX2NvbG9yIjoiIzFlNzNiZSIsImRlc2NyaXB0aW9uX2NvbG9yIjoiIzFlNzNiZSIsInBsYXlpbmdfdGl0bGVfY29sb3IiOiIiLCJkZXNjcmlwdGlvbl9hbGlnbiI6IiIsInRpdGxlX2FsaWduIjoiIiwibWV0YV9jb2xvciI6IiMxZTczYmUiLCJmbGlwX2NvbnRlbnRfYmciOiIifSwiZWZmZWN0cyI6eyJ2aWRlb19ib3giOiJ5dGVmLXNoYWRvdy1yYWRpYWwiLCJmbGlwX2VmZmVjdCI6Inl0aG92ZXItZmxpcC1kaWFnLTEifSwiZ2FsbGVyeV9pZCI6IjY5ZmRhZGYyOGNjYTYifQ==\" data-player=\"large\" data-showdesc=\"off\">\n<div>\n<div class=\"yotu-wrapper-player\">\n<div class=\"yotu-player\"><iframe loading=\"lazy\" id=\"yotu-player-69fdadf2d27c6\" class=\"yotu-video-placeholder\" title=\"B\u1ed9 l\u1ecdc n\u01b0\u1edbc sinh ho\u1ea1t cho gia \u0111\u00ecnh, l\u1ecdc th\u00f4 \u0111\u1ea7u ngu\u1ed3n, l\u1ecdc c\u1eb7n b\u1ea9n cho m\u00e1y gi\u1eb7t, r\u1eeda ch\u00e9n\" src=\"https:\/\/www.youtube.com\/embed\/kUwM4cxYiSU?controls=1&amp;modestbranding=0&amp;loop=0&amp;autonext=1&amp;showinfo=0&amp;rel=0&amp;thumbnails=1&amp;cc_load_policy=1&amp;cc_lang_pref=1&amp;hl&amp;iv_load_policy=1&amp;enablejsapi=1&amp;origin=https%3A%2F%2Fdinhnhan.com&amp;widgetid=1&amp;forigin=https%3A%2F%2Fdinhnhan.com%2Fthiet-bi-loc-nuoc%2Fbo-loc-nuoc-tho-3-coc-loc-20-inch%2F&amp;aoriginsup=1&amp;gporigin=https%3A%2F%2Fdinhnhan.com%2Fthiet-bi-loc-nuoc%2Floi-loc-beo-cto-bigblue-20-inch%2F&amp;vf=1\" width=\"1000\" height=\"600\" frameborder=\"0\" allowfullscreen=\"allowfullscreen\" data-gtm-yt-inspected-8=\"true\" data-mce-fragment=\"1\"><\/iframe><\/div>\n<div class=\"yotu-playing-status\"><\/div>\n<\/div>\n<div class=\"yotu-videos yotu-mode-grid yotu-preset yotu-preset-abnb yotu-column-3 yotu-player-mode-large yotuwp-has-meta yotuwp-meta-after_link yotuhover-play-1\"><\/div>\n<\/div>\n<\/div>\n<p>Tr\u1ecdn b\u1ed9 l\u1ecdc n\u01b0\u1edbc th\u00f4 3 c\u1ed1c l\u1ecdc 20 inch bao g\u1ed3m c\u00e1c linh ki\u1ec7n:<\/p>\n<ul>\n<li class=\"bullet-checkmark\">3 c\u1ed1c l\u1ecdc th\u00f4 20 inch: 2 xanh v\u00e0 1 trong su\u1ed1t<\/li>\n<li class=\"bullet-checkmark\">3 l\u00f5i l\u1ecdc th\u00f4 20 inch l\u1ea7n l\u01b0\u1ee3t l\u00e0:<\/li>\n<li class=\"bullet-arrow\">L\u00f5i l\u1ecdc b\u00f4ng n\u00e9n PP\u00a0(tu\u1ed5i th\u1ecd 3 \u2013 6 th\u00e1ng) k\u00edch c\u1ee1 khe h\u1edf 5\u00b5m gi\u00fap lo\u1ea1i b\u1ecf c\u1eb7n b\u1ea9n, t\u1ea1p ch\u1ea5t, b\u00f9n c\u1eb7n,\u2026 c\u00f3 k\u00edch c\u1ee1 \u22655\u00b5m<\/li>\n<li class=\"bullet-arrow\">L\u00f5i l\u1ecdc than ho\u1ea1t t\u00ednh h\u1ea1t UDF\u00a0(tu\u1ed5i th\u1ecd 6 \u2013 9 th\u00e1ng) h\u1ea5p th\u1ee5 m\u00f9i kh\u00f3 ch\u1ecbu, thu\u1ed1c tr\u1eeb s\u00e2u, kim lo\u1ea1i n\u1eb7ng, t\u1ea1p ch\u1ea5t,\u2026<\/li>\n<li class=\"bullet-arrow\">L\u00f5i l\u1ecdc than n\u00e9n CTO\u00a0(tu\u1ed5i th\u1ecd 9 \u2013 12 th\u00e1ng) h\u1ea5p th\u1ee5 hi\u1ec7u qu\u1ea3 m\u00f9i, kim lo\u1ea1i n\u1eb7ng, c\u1eb7n b\u1ea9n, t\u1ea1p ch\u1ea5t \u0111\u1ed9c h\u1ea1i c\u00f2n s\u00f3t l\u1ea1i qua 2 l\u00f5i l\u1ecdc PP v\u00e0 UDF<\/li>\n<li class=\"bullet-checkmark\">1 tay v\u1eb7n c\u1ed1c l\u1ecdc lo\u1ea1i 20 inch<\/li>\n<li class=\"bullet-checkmark\">1 gi\u00e1 treo b\u1ed9 3 c\u1ed1c l\u1ecdc n\u01b0\u1edbc 20 inch<\/li>\n<\/ul>\n<p>B\u1ed9 l\u1ecdc n\u01b0\u1edbc th\u00f4 3 c\u1ed1c l\u1ecdc 20 inch c\u00f3 k\u00edch th\u01b0\u1edbc t\u1ed5ng 150x280x650mm. B\u1ed9 l\u1ecdc th\u00f4 n\u00e0y c\u00f3 th\u1ec3 ho\u1ea1t \u0111\u1ed9ng hi\u1ec7u qu\u1ea3 trong m\u00f4i tr\u01b0\u1eddng nhi\u1ec7t \u0111\u1ed9 \u2264 40<sup>0<\/sup>C v\u00e0 \u00e1p su\u1ea5t kh\u00f4ng v\u01b0\u1ee3t qu\u00e1 5,1 kg\/cm2. C\u00f4ng su\u1ea5t l\u1ecdc n\u01b0\u1edbc t\u1ed1i \u0111a c\u1ee7a b\u1ed9 l\u1ecdc th\u00f4 \u0111\u1ea7u ngu\u1ed3n 3 c\u1ed1c 20 inch l\u00e0 500 l\u00edt\/gi\u1edd.<\/p>\n<figure id=\"attachment_4906\" class=\"wp-caption aligncenter\" aria-describedby=\"caption-attachment-4906\">\n<figure id=\"attachment_2607\" aria-describedby=\"caption-attachment-2607\" style=\"width: 400px\" class=\"wp-caption aligncenter\"><img loading=\"lazy\" decoding=\"async\" class=\"wp-image-2607 size-medium\" src=\"https:\/\/huynhthanhxuan.com\/wp-content\/uploads\/2026\/05\/dac-diem-cua-bo-loc-nuoc-tho-3-coc-loc-20-inch-400x400.jpg\" alt=\"\" width=\"400\" height=\"400\" srcset=\"https:\/\/songxanhwater.com\/wp-content\/uploads\/2026\/05\/dac-diem-cua-bo-loc-nuoc-tho-3-coc-loc-20-inch-400x400.jpg 400w, https:\/\/songxanhwater.com\/wp-content\/uploads\/2026\/05\/dac-diem-cua-bo-loc-nuoc-tho-3-coc-loc-20-inch-280x280.jpg 280w, https:\/\/songxanhwater.com\/wp-content\/uploads\/2026\/05\/dac-diem-cua-bo-loc-nuoc-tho-3-coc-loc-20-inch-300x300.jpg 300w, https:\/\/songxanhwater.com\/wp-content\/uploads\/2026\/05\/dac-diem-cua-bo-loc-nuoc-tho-3-coc-loc-20-inch-100x100.jpg 100w, https:\/\/songxanhwater.com\/wp-content\/uploads\/2026\/05\/dac-diem-cua-bo-loc-nuoc-tho-3-coc-loc-20-inch.jpg 500w\" sizes=\"auto, (max-width: 400px) 100vw, 400px\" \/><figcaption id=\"caption-attachment-2607\" class=\"wp-caption-text\">\u0110\u1eb7c \u0111i\u1ec3m c\u1ee7a b\u1ed9 l\u1ecdc n\u01b0\u1edbc th\u00f4 3 c\u1ed1c l\u1ecdc 20 inch<\/figcaption><\/figure><\/figure>\n<h2>\u01afu \u0111i\u1ec3m v\u00e0 t\u00ednh n\u0103ng n\u1ed5i b\u1eadt c\u1ee7a b\u1ed9 l\u1ecdc th\u00f4 \u0111\u1ea7u ngu\u1ed3n 3 c\u1ed1c 20 inch<\/h2>\n<ul>\n<li class=\"bullet-star\">B\u1ed9 3 c\u1ed1c l\u1ecdc n\u01b0\u1edbc 20 inch \u0111\u01b0\u1ee3c ph\u00e2n ph\u1ed1i \u0111i k\u00e8m tr\u1ecdn b\u1ed9 ph\u1ee5 ki\u1ec7n. Nh\u1edd \u0111\u00f3 ng\u01b0\u1eddi mua v\u1ec1 c\u00f3 th\u1ec3 l\u1eafp \u0111\u1eb7t v\u00e0 s\u1eed d\u1ee5ng ngay m\u00e0 kh\u00f4ng c\u1ea7n mua th\u00eam linh ki\u1ec7n ho\u1eb7c ph\u1ee5 ki\u1ec7n g\u00ec<\/li>\n<li class=\"bullet-star\">B\u1ed9 l\u1ecdc n\u01b0\u1edbc th\u00f4 n\u00e0y ph\u00f9 h\u1ee3p v\u1edbi m\u1ecdi \u0111\u1ecba h\u00ecnh v\u00e0 \u0111i\u1ec1u ki\u1ec7n kh\u00ed h\u1eadu<\/li>\n<li class=\"bullet-star\">Gi\u00e1 th\u00e0nh b\u1ed9 l\u1ecdc n\u01b0\u1edbc th\u00f4 3 c\u1ed1c l\u1ecdc 20 inch h\u1ee3p l\u00fd, th\u00edch h\u1ee3p v\u1edbi kinh t\u1ebf c\u1ee7a nhi\u1ec1u gia \u0111\u00ecnh k\u1ec3 c\u1ea3 nh\u1eefng gia \u0111\u00ecnh \u1edf n\u00f4ng th\u00f4n, v\u00f9ng s\u00e2u v\u00f9ng xa<\/li>\n<li class=\"bullet-star\">Hi\u1ec7u qu\u1ea3 l\u1ecdc c\u1ee7a b\u1ed9 l\u1ecdc th\u00f4 \u0111\u1ea7u ngu\u1ed3n 3 c\u1ed1c 20 inch cao c\u00f9ng l\u01b0u l\u01b0\u1ee3ng n\u01b0\u1edbc l\u1ecdc \u1ed5n \u0111\u1ecbnh. Gi\u00fap ph\u1ee5c v\u1ee5 nhu c\u1ea7u s\u1eed d\u1ee5ng c\u1ee7a nhi\u1ec1u ng\u01b0\u1eddi v\u00e0 nhi\u1ec1u quy m\u00f4<\/li>\n<li class=\"bullet-star\">Tu\u1ed5i th\u1ecd c\u1ee7a b\u1ed9 l\u1ecdc n\u00f3i chung v\u00e0 c\u00e1c l\u00f5i l\u1ecdc n\u00f3i ri\u00eang kh\u00e1 cao, gi\u00fap gi\u1ea3m t\u1ea3i chi ph\u00ed s\u1eed d\u1ee5ng v\u00e0 chi ph\u00ed ban \u0111\u1ea7u cho kh\u00e1ch h\u00e0ng<\/li>\n<li class=\"bullet-star\">B\u1ed9 l\u1ecdc c\u00f3 th\u1ec3 \u0111\u1ea5u n\u1ed1i tr\u1ef1c ti\u1ebfp v\u1edbi b\u1ec3 l\u1ecdc m\u00e0 kh\u00f4ng c\u1ea7n s\u1eed d\u1ee5ng \u0111i\u1ec7n n\u0103ng<\/li>\n<\/ul>\n<figure id=\"attachment_4907\" class=\"wp-caption aligncenter\" aria-describedby=\"caption-attachment-4907\">\n<figure id=\"attachment_2608\" aria-describedby=\"caption-attachment-2608\" style=\"width: 400px\" class=\"wp-caption aligncenter\"><img loading=\"lazy\" decoding=\"async\" class=\"wp-image-2608 size-medium\" src=\"https:\/\/huynhthanhxuan.com\/wp-content\/uploads\/2026\/05\/uu-diem-va-tinh-nang-noi-bat-cua-bo-loc-tho-dau-nguon-3-coc-20-inch-400x400.jpg\" alt=\"\" width=\"400\" height=\"400\" srcset=\"https:\/\/songxanhwater.com\/wp-content\/uploads\/2026\/05\/uu-diem-va-tinh-nang-noi-bat-cua-bo-loc-tho-dau-nguon-3-coc-20-inch-400x400.jpg 400w, https:\/\/songxanhwater.com\/wp-content\/uploads\/2026\/05\/uu-diem-va-tinh-nang-noi-bat-cua-bo-loc-tho-dau-nguon-3-coc-20-inch-280x280.jpg 280w, https:\/\/songxanhwater.com\/wp-content\/uploads\/2026\/05\/uu-diem-va-tinh-nang-noi-bat-cua-bo-loc-tho-dau-nguon-3-coc-20-inch-300x300.jpg 300w, https:\/\/songxanhwater.com\/wp-content\/uploads\/2026\/05\/uu-diem-va-tinh-nang-noi-bat-cua-bo-loc-tho-dau-nguon-3-coc-20-inch-100x100.jpg 100w, https:\/\/songxanhwater.com\/wp-content\/uploads\/2026\/05\/uu-diem-va-tinh-nang-noi-bat-cua-bo-loc-tho-dau-nguon-3-coc-20-inch.jpg 500w\" sizes=\"auto, (max-width: 400px) 100vw, 400px\" \/><figcaption id=\"caption-attachment-2608\" class=\"wp-caption-text\">\u01afu \u0111i\u1ec3m v\u00e0 t\u00ednh n\u0103ng n\u1ed5i b\u1eadt c\u1ee7a b\u1ed9 l\u1ecdc th\u00f4 \u0111\u1ea7u ngu\u1ed3n 3 c\u1ed1c 20 inch<\/figcaption><\/figure><\/figure>\n<p><strong>B\u1ed9 l\u1ecdc n\u01b0\u1edbc th\u00f4 3 c\u1ed1c l\u1ecdc 20 inch<\/strong>\u00a0\u0111\u01b0\u1ee3c l\u1eafp \u0111\u1eb7t d\u1ec5 d\u00e0ng v\u00e0 nhanh ch\u00f3ng m\u00e0 kh\u00f4ng y\u00eau c\u1ea7u am hi\u1ec3u qu\u00e1 nhi\u1ec1u v\u1ec1 k\u1ef9 thu\u1eadt. Tuy nhi\u00ean \u0111\u1ec3 b\u1ed9 l\u1ecdc ho\u1ea1t \u0111\u1ed9ng hi\u1ec7u qu\u1ea3 v\u00e0 t\u1ed1i \u01b0u nh\u1ea5t th\u00ec khi l\u1eafp \u0111\u1eb7t ng\u01b0\u1eddi d\u00f9ng c\u1ea7n l\u01b0u \u00fd b\u1ed1 tr\u00ed \u0111\u01b0\u1eddng n\u01b0\u1edbc \u0111\u1ee7 \u00e1p l\u1ef1c \u0111\u1ec3 c\u00f3 th\u1ec3 \u0111\u1ea9y qua \u0111\u01b0\u1ee3c c\u00e1c l\u00f5i l\u1ecdc trong b\u1ed9 l\u1ecdc th\u00f4 \u0111\u1ea7u ngu\u1ed3n 3 c\u1ed1c 20 inch.<\/p>\n<blockquote><p>C\u00f3 th\u1ec3 b\u1ea1n quan t\u00e2m:\u00a0B\u01a1m l\u1ecdc RO c\u00f4ng nghi\u1ec7p tr\u1ee5c \u0111\u1ee9ng<\/p><\/blockquote>\n<p>B\u00ean c\u1ea1nh \u0111\u00f3, c\u1ea7n ch\u00fa \u00fd \u0111\u1ebfn th\u1eddi gian thay l\u00f5i l\u1ecdc trong b\u1ed9 3 c\u1ed1c l\u1ecdc n\u01b0\u1edbc 20 inch \u0111\u1ec3 b\u1ea3o \u0111\u1ea3m ch\u1ea5t l\u01b0\u1ee3ng n\u01b0\u1edbc sau l\u1ecdc lu\u00f4n \u1ed5n \u0111\u1ecbnh v\u00e0 t\u1ed1t nh\u1ea5t.<\/p>\n","protected":false},"excerpt":{"rendered":"<ul>\n<li>K\u00edch th\u01b0\u1edbc: 150 x 280 x 650mm<\/li>\n<li>C\u00f4ng su\u1ea5t l\u1ecdc n\u01b0\u1edbc t\u1ed1i \u0111a: 500 l\u00edt\/gi\u1edd<\/li>\n<li>Nhi\u1ec7t \u0111\u1ed9 n\u01b0\u1edbc v\u00e0o ti\u00eau chu\u1ea9n: &lt;40\u00baC<\/li>\n<li>\u00c1p su\u1ea5t t\u1ed1i \u0111a: 5,1 kg\/cm2<\/li>\n<\/ul>\n","protected":false},"featured_media":2606,"comment_status":"open","ping_status":"closed","template":"","meta":{"_acf_changed":false},"product_brand":[],"product_cat":[105],"product_tag":[],"class_list":{"0":"post-2604","1":"product","2":"type-product","3":"status-publish","4":"has-post-thumbnail","6":"product_cat-thiet-bi-loc-nuoc","8":"first","9":"instock","10":"sale","11":"taxable","12":"shipping-taxable","13":"purchasable","14":"product-type-simple"},"acf":[],"_links":{"self":[{"href":"https:\/\/songxanhwater.com\/index.php?rest_route=\/wp\/v2\/product\/2604","targetHints":{"allow":["GET"]}}],"collection":[{"href":"https:\/\/songxanhwater.com\/index.php?rest_route=\/wp\/v2\/product"}],"about":[{"href":"https:\/\/songxanhwater.com\/index.php?rest_route=\/wp\/v2\/types\/product"}],"replies":[{"embeddable":true,"href":"https:\/\/songxanhwater.com\/index.php?rest_route=%2Fwp%2Fv2%2Fcomments&post=2604"}],"wp:featuredmedia":[{"embeddable":true,"href":"https:\/\/songxanhwater.com\/index.php?rest_route=\/wp\/v2\/media\/2606"}],"wp:attachment":[{"href":"https:\/\/songxanhwater.com\/index.php?rest_route=%2Fwp%2Fv2%2Fmedia&parent=2604"}],"wp:term":[{"taxonomy":"product_brand","embeddable":true,"href":"https:\/\/songxanhwater.com\/index.php?rest_route=%2Fwp%2Fv2%2Fproduct_brand&post=2604"},{"taxonomy":"product_cat","embeddable":true,"href":"https:\/\/songxanhwater.com\/index.php?rest_route=%2Fwp%2Fv2%2Fproduct_cat&post=2604"},{"taxonomy":"product_tag","embeddable":true,"href":"https:\/\/songxanhwater.com\/index.php?rest_route=%2Fwp%2Fv2%2Fproduct_tag&post=2604"}],"curies":[{"name":"wp","href":"https:\/\/api.w.org\/{rel}","templated":true}]}}